git of t?
5
Let q(a) = -6*a + 173. Let k(h) = -h**3 - h**2 + h - 2. Suppose -10 = -5*g - 0*g + 5*p, 5*p + 20 = 0. Let w be k(g). What is the units digit of q(w)?
3
Suppose -4*g - 2*o = -20, -5 = -g - o - o. Let m be ((-45)/(-6))/(-3) - g/(-10). What is the tens digit of -2 - m/1 - -1 - -66?
6
What is the units digit of 3/30*(523426 + 36) + 3/(-15)?
6
Suppose -4*x + 5*v + 77 = 0, -3*v + 11 = -2*x + 4*x. Let d be (-1)/(-2) + ((-26)/4)/x. Suppose -6*a - 337 + 1003 = d. What is the units digit of a?
1
Let n(i) = -16*i - 43. Let m be n(-3). Suppose -50*r + 46*r = -m*j - 1461, 0 = 2*r - 2*j - 728. What is the tens digit of r?
5
Let j = -37 - -84. Let a(p) = -20 - j*p - 78*p + 31*p. What is the units digit of a(-3)?
2
Let h = -8516 - -21651. What is the units digit of h?
5
Let w(i) = -i - 57. Let f be w(-23). Let a = -21 - f. Suppose 408 = a*p - 5*p. What is the tens digit of p?
5
What is the units digit of (-8)/((-192)/(-84))*-4164?
4
Let m be -5*(-2)/10*3. Let j(p) = 3*p**2 - 6 + p**3 - m - 9*p**2 + 18*p + 2. What is the tens digit of j(6)?
0
Let v be 740/(-5) - (-5 + 5). Let s = v + 1012. What is the tens digit of s?
6
Let q(c) = -10*c**2 - 3*c + 4*c - 22*c + 8*c - 2*c**3 + 10. Let w be -3*(5 - 4) + -3. What is the hundreds digit of q(w)?
1
Suppose 2*m - 156 = -2*v + 3*v, -4*m + 312 = 5*v. Suppose 0 = -9*z + 3*z + m. What is the units digit of z?
3
Suppose 0 = 4*m + 3 - 27. Suppose -u + 10 = -3*i, -5*i - 4*u + 0 + m = 0. What is the units digit of 2 + (19*-4)/i?
0
Let g(p) be the first derivative of 23*p**2/2 - 4*p + 2. Suppose -16*z - 4*z = -60. What is the tens digit of g(z)?
6
Let b(p) = 48*p + 2374. What is the thousands digit of b(65)?
5
What is the units digit of (-5827)/5*(14 + (4 - 23))?
7
Let n(v) = -1802*v**2 - 4*v. Let m be n(4). Let z be (-2 - -25) + -9 + 0. What is the tens digit of (-8)/z - m/112?
5
Let m be (-1*1)/(27/(-81)). Suppose f - 2*u + 568 = m*f, -5*f - 2*u + 1405 = 0. What is the tens digit of f?
7
Let t(m) = 5*m**2 - 82*m - 44. Suppose -q = 5*s - 29, 21*s - 16*s + 19 = q. What is the units digit of t(q)?
8
Let n(z) = 109*z**2 - 223*z + 3001. What is the hundreds digit of n(13)?
5
Suppose 485249 + 437557 = 207*y. What is the units digit of y?
8
Let u = -407 + 573. What is the hundreds digit of u - (0 - (-5 + (6 - -4)))?
1
Let k(y) = -115*y**2 - 4*y + 14. Let c be k(2). Let d = c + 1600. What is the units digit of d?
6
Suppose -15 = -4*k + 3*i, i = 4*k - 4*i - 17. Suppose -3 = -2*z + g, 0*g = -k*g + 3. Suppose -z*m - 300 = -7*m. What is the units digit of m?
0
Suppose 3*m = 727 + 2957. Suppose 5*u - 3*w = -6*w + m, 264 = u - 4*w. What is the units digit of u?
8
Suppose -3*z = 4*o - 636, -4*o + 217 + 851 = 5*z. Suppose -10*v + z = -v. Suppose -21*g = -19*g - v. What is the units digit of g?
2
Let y = -54 - -20. Let g = -37 + y. Let k = 126 + g. What is the tens digit of k?
5
Let d(i) = i**3 + 22*i**2 + 5*i + 5. Let a be d(-11). Suppose -6*x + a = -3*x. What is the units digit of x?
7
Suppose -3*q - 393 - 96 = 0. Let r be -19 + 17 - -20*q/(-2). Suppose -5*n - 573 = -r. What is the units digit of n?
1
Let o(l) = 216*l**2 - 2*l - 1. Let a be o(-1). Suppose -s = -4*f + a, 631 = -6*s + 3*s + 2*f. Let g = s + 381. What is the tens digit of g?
7
Suppose -14*r = -6*r + 24. Let h be -4 + (r/(-1))/(30/140). Suppose 3*z - g = 26, -z + 28 - h = 2*g. What is the tens digit of z?
1
Suppose 41*k - 4949 - 111347 = -8138. What is the thousands digit of k?
2
Let j be 1/2*(20 - 4). Suppose 4*w = -34 + 14, 4*i - 398 = 2*w. What is the units digit of (-6)/4*j/(-6)*i?
4
Let y be (-670)/3*4/((-8)/6). Suppose 533 = -4*n - 2*i - 3*i, 5*n + 5*i + y = 0. Let z = n + 241. What is the hundreds digit of z?
1
Suppose 12*i = -4072 - 1616. Let g = 631 + i. What is the tens digit of g?
5
What is the thousands digit of (-2)/(-16) + 859770/48?
7
Let a(c) = c**2 + 2*c + 1. Let t(h) = 74*h**2 + 4*h + 4. Let v(o) = -2*a(o) + t(o). What is the tens digit of v(1)?
7
Let o = 2544 + -1027. Suppose 30*c - 32*c = b - o, -4*c = 5*b - 3049. What is the units digit of c?
6
Let a(y) = 5*y**3 + 10*y**2 - 10*y - 33. What is the units digit of a(6)?
7
Let a = 650 + 235. What is the units digit of ((-184)/(-40) + -4)/(1/a)?
1
Let t be -1*((-2077)/3 - 1/(-3)). Suppose 4*r + 0*r = t. What is the hundreds digit of r?
1
Let i(s) be the third derivative of 1/6*s**5 + 1/24*s**4 + 14*s**2 + 0 + 0*s**3 + 0*s. What is the tens digit of i(-3)?
8
Let y(d) be the second derivative of d**4/12 + 5*d**3/6 - 3*d**2/2 - 29*d. Let t be y(-8). Let l(r) = -3*r + 64. What is the units digit of l(t)?
1
Suppose -675 = -2*j - 3*j. Suppose -30*m + 665 = -6895. Let t = m - j. What is the units digit of t?
7
Let q be -5 + 9 - 3*-1. Suppose -q*c + 237 = 55. Suppose -64 = -f + c. What is the tens digit of f?
9
Suppose -496 + 196 = 5*d. Let g = 63 + d. Suppose g*j - 6 = 0, 5*j = 3*y + j - 79. What is the tens digit of y?
2
Suppose -46*p + 93403 = -224036 - 49135. What is the thousands digit of p?
7
Let u(b) = b - 17. Suppose 0 = 4*x - 8*x + 68. Let o be u(x). Let l(q) = -q**3 + q**2 - q + 85. What is the units digit of l(o)?
5
Let a(d) = d**2 - 24*d + 149. Let h be a(12). Suppose 0 = 5*k - 5, h*g = 2*g + 2*k + 1729. What is the hundreds digit of g?
5
Let g = -6643 + 9544. What is the thousands digit of g?
2
Let z(u) = -u**2 + 56*u - 202. Let k be z(52). What is the units digit of (4/((-8)/367))/(k/(-24))?
4
Let d = 791 + -494. Let z = -138 + d. What is the units digit of z?
9
Suppose -153181 = -4*u - j, 9718*u - j = 9716*u + 76577. What is the thousands digit of u?
8
Let b = -71 - -175. Suppose 3 = -3*y - 0*y, -f = 2*y - b. Suppose -f = 38*u - 40*u. What is the tens digit of u?
5
What is the ten thousands digit of -1*12/24*6 - -28269?
2
Let j(h) = -9*h**2 + 2*h - 19. Let c(q) = 18*q**2 - 4*q + 36. Let a(r) = 3*c(r) + 5*j(r). What is the tens digit of a(-6)?
4
Suppose 70051 = 101*q - 263653 - 215635. What is the units digit of q?
9
Let p(a) be the second derivative of -2*a**5/5 + a**4/12 - a**2 - 81*a. What is the hundreds digit of p(-4)?
5
Let q be 3/(-1)*(4 - (-22)/(-33)). Let h(x) be the third derivative of -x**4/6 + 8*x**3 - 8*x**2. What is the tens digit of h(q)?
8
Suppose -1166 - 2530 = -7*o. Suppose -2*h + 2*z + o = 0, 5*h - 1338 = -6*z + 2*z. What is the tens digit of h?
6
Let r = -6097 - -12557. What is the units digit of r?
0
Suppose -522 = -q + 219. Suppose -q = -10*g - 9*g. What is the units digit of g?
9
Let l = 499 - 472. Suppose 0 = l*r - 12674 - 1582. What is the hundreds digit of r?
5
Suppose 2*h = -b - h, 5*b = -2*h. Suppose q + 5*g - 53 = b, -q - 2*g - 3 + 71 = 0. Suppose s = 4*w + q, -3 = -5*w + 2*w. What is the tens digit of s?
8
Let z(n) = 55*n - 188. Suppose -1 + 31 = 3*q. What is the tens digit of z(q)?
6
Let h(q) = 6*q**2 - 2 - 4*q**2 - 2*q**2 + 3*q - 7*q**2. Let i be h(-2). Let y = 27 - i. What is the tens digit of y?
6
Let d(v) = 976*v + 1569. What is the units digit of d(4)?
3
Let b(m) = -35*m**3 - 8*m - 9. Let f be b(-1). What is the tens digit of 3 + f/(-14) - (-18780)/14?
4
Suppose 5*m - 10*m = 855. What is the units digit of ((-10)/(-1))/(m/(-84) + -2)?
0
Suppose 5*p + 46*z - 56*z = 37485, 14995 = 2*p - 3*z. What is the thousands digit of p?
7
Suppose -9*g + 12*g - 39 = 0. Suppose g*c = 8*c. What is the tens digit of (-3)/(-12) - c - (-4310)/40?
0
Let d be 78/1*(-1)/2. Let o = d + 44. Suppose -66 + 331 = o*a. What is the tens digit of a?
5
Suppose -5*k + 3316 = t - 120893, 24 = 6*t. What is the hundreds digit of k?
8
Suppose 6*v - 3*v + 403 = 2*x, -5*x + 1033 = v. Suppose -4*j - 138 = 5*l, -j + 6*j = 5*l + 120. Let k = l + x. What is the units digit of k?
0
Suppose -9786 = -h - 16*x, 12*h - 15*h + 29358 = -x. What is the tens digit of h?
8
Let p(m) = -1584*m - 699. What is the hundreds digit of p(-3)?
0
Suppose 4*z + z = 0. Let d(f) = f**2 - 2*f - 63. Let c(h) = -2. Let m(u) = 3*c(u) - d(u). What is the tens digit of m(z)?
5
What is the thousands digit of ((-290400)/(-500))/((-8)/(-1020))?
4
Suppose 2*o - 2412 = -430. Let x = 1436 - o. What is the tens digit of x?
4
Let b(x) = -2*x**2 - 19*x - 23. Let h be b(-7). Let v(w) = -2*w + 26. What is the units digit of v(h)?
2
Suppose 4*k - t - 5197 = 0, 5*k + 10*t - 6498 = 13*t. Suppose w - q - 432 = 0, 3*w - k = q + q. What is 